 -3*q - 3*t - 15 = -45. Let o = -31 - -32. Let c = o + q. What are the prime factors of c?
2, 7
Suppose -k - k - 2*h = -16, -4*k = 3*h - 36. Suppose 0*b + k = b. What are the prime factors of b?
2, 3
List the prime factors of (-33)/(-1) - (0 + 0).
3, 11
Let p(t) = -t - 8. Let j be p(-8). Let l = 5 - 1. Suppose -l*y + 12 + 44 = j. List the prime factors of y.
2, 7
Let a be -10*((-9)/15 - -1). Let h = 10 + a. What are the prime factors of h?
2, 3
Let k(y) = -y**3 + 2*y**2 + 4*y + 1. Let h be k(3). Let z(o) = 2*o - 3. Let a be z(h). Suppose -2*v + a*v - 36 = 0. List the prime factors of v.
2, 3
Suppose 3*q - 23 = q + o, 0 = -o - 1. What are the prime factors of -3 + q + 0/(-2)?
2
Let r be (-26)/6 - (-6)/(-9). Let c be (r/2)/(-5)*-2. List the prime factors of 2*3 - c - -2.
3
Let w be ((-8)/10)/(4/(-50)). Suppose -4*p - i + 21 = 2*i, -2*i = 2*p - w. Suppose -p - 42 = -4*m. List the prime factors of m.
2, 3
Suppose -3*m + 472 + 332 = 0. What are the prime factors of m?
2, 67
Let y = 14 + -17. List the prime factors of 6 + -3 + 5 + y.
5
Suppose -2*i + 92 = 4*l - 46, 2*i - 133 = -3*l. Suppose 2*d - i = d. Suppose 0 = 3*u + 3*y - 42, u = -3*u - y + d. What are the prime factors of u?
3, 5
Let c = -47 - -170. List the prime factors of c.
3, 41
Let m(g) be the second derivative of g**6/36 - g**5/120 - g**3/3 + 2*g. Let q(u) be the second derivative of m(u). List the prime factors of q(1).
3
Suppose -3*u - 20 = 2*u. Let w = u + 10. Suppose -3*a = -f + 23, w*f - 58 = f - 4*a. List the prime factors of f.
2, 7
Suppose 21*h = 26*h - 385. List the prime factors of h.
7, 11
Let f(m) = -7*m - 3. Let x be f(-2). Let o = -8 + x. What are the prime factors of o?
3
Suppose -5*w = -x + 75, -3*w - w = -3*x + 181. Suppose 0*r - 4*d + 35 = r, 2*d = -3*r + x. What are the prime factors of r?
3, 5
Let v(g) = g**3 - 5*g**2 - g + 7. Let l be v(5). Suppose l*r - 7 = 5. Suppose 3*y - r - 3 = 0. List the prime factors of y.
3
Let c(f) = f**2 + 21*f - 32. What are the prime factors of c(10)?
2, 139
Let f(h) = h + 77. Let q(z) = -z - 6. Let d be q(-6). Let o be f(d). Suppose -5*m - 4*g + 102 = 0, 2*m - o = 5*g - 23. What are the prime factors of m?
2, 11
Let k be 4/(-10) + 456/15. Let l be (5 + -8)*(-4)/3. Suppose -l*h + h = -k. List the prime factors of h.
2, 5
Suppose -2*x - 3*x = 10. Let y be x + ((-2)/2)/(-1). List the prime factors of y/1 + 9/3.
2
Let d(a) = a**3 - 6*a**2 + 2*a - 8. Let y be d(6). Suppose 3*c - 7 = -4*s, -y*c + 8*c + 5*s - 10 = 0. What are the prime factors of c?
5
Suppose 0 - 12 = f. Let p be -50*(f/15 + 0). Let v = -23 + p. List the prime factors of v.
17
Suppose 0 = -124*n + 116*n + 2016. What are the prime factors of n?
2, 3, 7
Let y = -6 + 11. Let w = 5 + y. What are the prime factors of w?
2, 5
What are the prime factors of 1248/(-117)*(15/(-2) - 0)?
2, 5
Suppose 2*q + 1 - 21 = 0. Let n = -2 + q. What are the prime factors of n/(-12)*2*-9?
2, 3
Let s be (75/(-9))/((-2)/18). Let k = -46 + s. What are the prime factors of k?
29
Let p = 2 + 12. Let f = -12 + p. List the prime factors of f.
2
Let i(h) = 2*h + 6. Let v be i(6). Suppose -5*w + v = -12. List the prime factors of w.
2, 3
Let g(c) = c**2 + 15*c - 15. List the prime factors of g(6).
3, 37
Let o be 2/(2 + -3) - 18. Let v = 49 + o. What are the prime factors of v?
29
What are the prime factors of 150 + (-3)/1*1?
3, 7
Let j be (1 - 0)/(2/10). Suppose -i - 18 = j*l - 4*i, 20 = -5*i. List the prime factors of (l/5)/((-3)/40).
2
Let k = -16 - -18. Suppose -k*c = -65 - 11. What are the prime factors of c?
2, 19
Suppose 3 = 4*n - 3*n. Suppose -t = 3*o + t - 13, n*t = -o + 16. List the prime factors of (16 - o) + 6/(-2).
2, 3
List the prime factors of ((-24)/60)/((-2)/270).
2, 3
Let b(z) = -z**3 + 7*z**2. Let p be b(8). Let x = p + 29. Let v = -24 - x. What are the prime factors of v?
11
Let g be 2*10*(-5)/5. Let s = g - -46. List the prime factors of s.
2, 13
Let p(a) = -a**3 - 2*a**2 + 10*a + 5. List the prime factors of p(-6).
89
Let n(m) = -2*m**3 - 5*m**2 - 3*m + 4. Let w be n(-3). Suppose -g = -4*a - w, -11 - 7 = -4*g + 2*a. List the prime factors of (3/2)/(g/8).
2, 3
Suppose 4*t - 88 = -6*j + 4*j, 5*t = -3*j + 111. Suppose 0 = 3*i - 0*s + 2*s - t, -2*i + 2*s + 14 = 0. What are the prime factors of i?
7
Let w(l) be the first derivative of l**4/4 + 7*l**3/3 + 5*l**2/2 - 3*l - 3. What are the prime factors of w(-5)?
2, 11
Suppose 0 = n - 5*n. Suppose n*p = 2*p - 16. List the prime factors of p.
2
Let n(i) = -i**3 - i**2 + 2*i - 4. Suppose 3*q = -0*h - 2*h + 19, 2*q - 3*h - 4 = 0. Let b = -8 + q. What are the prime factors of n(b)?
2
Let n(f) = -f**2 + 1. Let k be n(2). Suppose -2*z + 2*b = 4*b + 30, 2*z + 14 = 2*b. List the prime factors of (z/3)/(1/k).
11
Let y(l) = 3. Let c(g) = g + 1. Let z(s) = -2*c(s) + y(s). Let o be z(-7). Suppose 3*d - 7 - 8 = 4*t, -t = -3*d + o. List the prime factors of d.
5
What are the prime factors of ((-2)/(-6)*3)/(-1) - -123?
2, 61
Suppose 8*y = 5*y + 246. What are the prime factors of y?
2, 41
Suppose 4*q - 15 = -4*z + 1, 0 = -4*q - 4. Suppose z*h = 2*k + 44 + 33, 4*h - 4*k - 52 = 0. What are the prime factors of h?
17
Suppose 2*i + 3*u = 167, -i + 6*u = 2*u - 89. List the prime factors of i.
5, 17
Let s(j) = 3*j**2 - 2*j - 1. Let k be s(2). Suppose k + 23 = 5*f. Let w = f - 4. List the prime factors of w.
2
Let j(x) be the first derivative of x**3/3 - 3*x**2/2 - 2. Let f be j(-4). Suppose -2*o + f = 6. List the prime factors of o.
11
Let a(l) = -l**3 - 8*l**2 - 9*l - 4. Let s be a(-7). Let w = s + -3. What are the prime factors of w?
7
Suppose -2*k + 46 = -10. What are the prime factors of k?
2, 7
Suppose 5*l - 15 = u, 1 = -2*l - 5*u + 7. Let x(a) = -17*a + 1. Let y be x(l). List the prime factors of (4/5)/((-4)/y).
2, 5
Let n be 2 + -33*4/(-6). Let z = -36 + n. Let d = 19 + z. List the prime factors of d.
7
Let i be 2/(-3) - (-4)/(-12). Let m be (-3)/(-2 - i) - 3. Let q(o) = -o**2 + o + 15. List the prime factors of q(m).
3, 5
Let f(j) be the first derivative of j**2 + 5. List the prime factors of f(9).
2, 3
Let y(h) be the first derivative of -h**2 - 1. Suppose 7 = -3*r - 2*k - 7, 4*k = r - 14. What are the prime factors of y(r)?
2
Suppose 3*q - 4*v - 90 = -0*v, -101 = -4*q - v. List the prime factors of q.
2, 13
Let k be (8/5)/(2/5). Suppose -5*l + i + 3 = -17, 0 = k*l + 4*i - 40. What are the prime factors of l?
5
List the prime factors of 4/(-30) + 12985/75.
173
Suppose t = -0*t. Suppose -3*f + 2*k + 129 = t, -f + 2*k + 43 = -k. Suppose 4*x - f = -d, 4*x - 49 = -3*d - 0*d. What are the prime factors of x?
2, 5
Let m = -76 - -117. Suppose 5*z - m = 14. List the prime factors of z.
11
Suppose -3*y = 99 - 303. Suppose -4*s + y - 20 = 0. List the prime factors of s.
2, 3
Suppose -15 = -5*s, -4 = -0*n + n - 2*s. Suppose -n*k = -12 + 4. Suppose -15 = -b - k*b. List the prime factors of b.
3
Let x(m) = -5*m - 5. List the prime factors of x(-9).
2, 5
Let g(f) = f**2 + 8*f + 8. Suppose -2 = -3*w - 20. Let o be g(w). What are the prime factors of ((-3)/4)/(o/64)?
2, 3
Suppose a = -1, 3*z - 827 = z - 5*a. List the prime factors of z.
2, 13
Suppose 0*c = -c. What are the prime factors of 9*(c + 2) - 0?
2, 3
Let k = -303 - -535. List the prime factors of k.
2, 29
Suppose r = 6*r - 110. Let o = 5 - r. Let v = o + 27. List the prime factors of v.
2, 5
Let i be (-4 + 10/4)*-18. Let v = i - 2. What are the prime factors of v?
5
Suppose -3 = -s - 1. Suppose 5*z + 5*n = 185, z - s*z = 2*n - 40. List the prime factors of z.
2, 17
Let j(d) = -7*d + 7. Let a(l) = l. Let y(f) = -5*a(f) - j(f). Let n be y(-5). Let c = 31 + n. List the prime factors of c.
2, 7
Suppose 12 = 5*i - 3. Suppose 2*b = -i*b. Suppose 19 = -b*x + x. List the prime factors of x.
19
Suppose 213 = 3*i - 585. What are the prime factors of i?
2, 7, 19
Let o(z) = -12*z**3 + 2*z**2 - 4. Let q be o(2). What are the prime factors of (q/(-8))/((-3)/(-6))?
23
Suppose -d = 2*q - 14, -3*q + 32 = 4*d - 19. What are the prime factors of d?
2, 3
List the prime factors of 204/8*4/6.
17
Let z(y) = -y**3 + 7*y**2 - 8*y + 7. List the prime factors of z(5).
17
Let g(u) = 1 + 4*u**2 - 2*u - 5*u**2 - 6*u - u. Let y be g(-7). Let n = y + -5. What are the prime factors of n?
2, 5
What are the prime factors of (-8)/10*(-145)/2?
2,